 3, 7
Let m be (46/(-4) + 18/6)*2. Let k = m + 78. List the prime factors of k.
61
Suppose -2*q + c = -0*c - 485, q - 250 = 3*c. List the prime factors of q.
241
Let k = 155 + 554. List the prime factors of k.
709
Suppose 29*t = 35*t - 4926. List the prime factors of t.
821
Suppose 2*v - 35*r = -38*r + 197, 2*v - 203 = -5*r. List the prime factors of v.
2, 47
Suppose 3*s = -3*y + 3453, 5*y = 2*s - 0*y - 2281. What are the prime factors of s?
2, 7, 41
Suppose 4*k + 3*t + 1 = 9, -2*t = 2*k - 4. Suppose 14 = 2*i + k*o, 3*i + 5*o - 21 = -10. What are the prime factors of i?
2, 3
Let a = -20 + 23. Suppose 0 = 3*c - 0*c - 114. Suppose 200 = a*j + 3*m + 80, 0 = -j - 2*m + c. List the prime factors of j.
2, 3, 7
Suppose -9*b = -13*b + 12. Suppose 168 = b*m - 249. What are the prime factors of m?
139
Let b(h) = 10*h - 15. Let a be b(-4). Let n = a + 26. Let p = -14 - n. What are the prime factors of p?
3, 5
Suppose -55 - 5 = -4*p. Suppose p*q = 19*q + 36. Let k = -3 - q. What are the prime factors of k?
2, 3
Let f be 2/(-3) + (-10336)/(-24). Suppose -2*t = 3*t - f. What are the prime factors of t?
2, 43
Let m be 4 - (-1 + 1) - (563 + 2). What are the prime factors of 28/(-21)*2/8*m?
11, 17
Let v(c) = 2*c**2 - 19*c + 13. List the prime factors of v(-11).
2, 29
Suppose -q - 38*s = -39*s - 1353, 0 = -q + 5*s + 1341. List the prime factors of q.
2, 3, 113
Let y(w) = w**3 + 4*w**2 + 2*w - 1. Let p be y(-5). Let n = p + 19. Let b = n - -52. What are the prime factors of b?
5, 7
Suppose 4*h - 4*j + 6*j = 3446, 4*h - 2*j - 3434 = 0. List the prime factors of h.
2, 5, 43
Let l(s) = -3*s - 1. Let p be l(-1). Suppose v - 3 = -p*v. Let q(c) = 9*c**3 + 2*c**2 - 1. What are the prime factors of q(v)?
2, 5
Let c(p) = 4*p - 3 - p - p - 3. Let y be c(-8). Let m = y - -33. What are the prime factors of m?
11
List the prime factors of (201/(-4))/(102/(-5168)).
2, 19, 67
Suppose 9*l + 5*h + 1823 = 11*l, -l + 5*h + 914 = 0. List the prime factors of l.
3, 101
Let z = 13206 + -8927. List the prime factors of z.
11, 389
Let x be (-3)/(8/20 - 1). Suppose 5*q - 101 = -3*c + 4*c, -x*q = -3*c - 103. What are the prime factors of q?
2, 5
Let v(k) = 10 + k**2 - 2*k**2 - 3 + 2*k**2 + 8*k. Let n be v(-6). Let x(q) = -q**3 - 5*q**2 - 2*q + 1. List the prime factors of x(n).
11
Suppose -6*z + 51 = 15. Let k be (4/z)/(4/138). Suppose f - k = 34. List the prime factors of f.
3, 19
Suppose j = 12*j - 4873. List the prime factors of j.
443
Let v(h) = 4*h**2 - 7*h. Suppose -4 = -0*a + a. List the prime factors of v(a).
2, 23
Suppose -2*k - 253 = -4*k - g, -366 = -3*k + 3*g. Suppose -3*j + 311 = 4*p, -4*p - k - 109 = -2*j. List the prime factors of j.
109
Let o(f) = f + 5. Let s be o(-2). Suppose -4*a = -7*a - s*q + 420, 0 = -a + q + 148. What are the prime factors of a?
2, 3
Suppose -5*n = n - 252. List the prime factors of n + -4 + 2 + 0.
2, 5
Let d = -196 - -455. List the prime factors of d.
7, 37
Suppose -c - 4*o + 32 = 4*c, -19 = -4*c - o. Suppose 8*b - c*b = -20. What are the prime factors of 30/25*b/(-2)?
3
Let p(s) = -s**2 - 22*s - 18. Let b be p(-13). Let v(m) = m + 1. Let w be v(1). Suppose -u - 3*h = w*u - b, -3*h + 69 = 2*u. List the prime factors of u.
2, 3, 5
Let h = -131 + 175. What are the prime factors of h?
2, 11
Let f(w) = 2*w - 17. Let o(p) = 3*p - 26. Let a(d) = 7*f(d) - 5*o(d). Let n be a(8). List the prime factors of 6 - n/(-6)*4.
2
Let z(h) = -h. Let u be z(-4). Let c be (56/(-6))/(u/(-6)). Suppose 9 = 3*v, -2*i = -v - 73 + c. List the prime factors of i.
31
Suppose 0 = -5*c + r + 6395, -2122 = -4*c + 2*r + 3000. Suppose c = -2*w + 8*w. List the prime factors of w.
3, 71
Let a(l) = -11*l + 4. Let z be a(-3). Let c = 22 - z. List the prime factors of (-114)/c - 2/(-5).
2
Suppose -3*o - 1 + 2 = -4*b, 0 = -4*b - 4*o + 20. List the prime factors of (b/(-6))/((-2)/282).
47
Suppose 4732 - 36148 = -17*n. What are the prime factors of n?
2, 3, 7, 11
Suppose -5*s + 33 - 286 = f, -245 = 5*s + 5*f. Let l = 137 + s. List the prime factors of l.
2, 43
Let h(j) = j**3 + 7*j**2 - 8*j. Let y be h(-8). Let p = 3 + -1. Suppose p*m - 6 - 20 = y. List the prime factors of m.
13
Let x(j) = j**3 - 9*j**2 - 21*j + 33. List the prime factors of x(13).
2, 109
Suppose 0 = 2*r - 180 - 96. List the prime factors of 0 + 1 + r + -27.
2, 7
Let g = 1283 - 438. What are the prime factors of g?
5, 13
Suppose r = 6 + 64. Suppose -118 + r = -2*l. List the prime factors of l.
2, 3
Let j(d) = -d**2 - 10*d + 11. Let l be j(-11). Suppose 3*v + 64 = 6*v - 4*q, -2*v + 2*q + 40 = l. Let w = v + 10. What are the prime factors of w?
2, 13
Let g = 78 - 77. Let p(k) be the first derivative of 7*k**2 - 2*k - 2. List the prime factors of p(g).
2, 3
What are the prime factors of 4178 + (5 - (3 + 12/(-3)))?
2, 523
Suppose 24756 = 19*a + 759. What are the prime factors of a?
3, 421
Let c(j) = -j**3 - j**2 - 1. Let l be c(-2). Let k(v) = 0*v**3 - 3*v**2 + v**3 - l - 3*v**2 + 9. List the prime factors of k(6).
2, 3
Let q(s) = -2*s + 8. Let p(v) = v**2 + v + 5. Let g be p(0). Let a be q(g). What are the prime factors of 78/3 + 2 + a?
2, 13
Let u(v) = v**2. Let m(x) = 3*x**2 + 15*x - 15. Let c(y) = -m(y) + 4*u(y). What are the prime factors of c(15)?
3, 5
Suppose -4*d = -3*b + 2*b - 401, -5*b = -3*d + 305. List the prime factors of d.
2, 5
Let y(u) = 3*u + 3 + u**2 - 4*u - 2. Let m be (5 + -8 + -2)*1. List the prime factors of y(m).
31
Let b(q) = 7*q**2 - 6*q + 6. Let h be (-9)/((-18)/(-8)) - -10. List the prime factors of b(h).
2, 3, 37
Let x = 51 - 18. What are the prime factors of -2 + (-3)/4*(13 - x)?
13
Let i(u) = 5*u**3 + 4*u**2 - 8*u - 7. Let v(j) = -26*j**3 - 20*j**2 + 40*j + 36. Let w(m) = 16*i(m) + 3*v(m). What are the prime factors of w(4)?
2, 3, 13
Suppose -6076 = -13*a + 7197. Suppose 4*d + k = a, -4*d + 5*k + 159 = -832. What are the prime factors of d?
2, 127
Let p = -271 + 709. List the prime factors of p.
2, 3, 73
Suppose 0 = 5*d - 20, 2*d = -2*o + 7*d + 208. Suppose -o = -5*p + 246. List the prime factors of p.
2, 3
Let o be -20 - -23 - 3*1. Suppose 16*v - 166 - 170 = o. List the prime factors of v.
3, 7
Suppose 0*f = 7*f + 588. Let s = f - -280. List the prime factors of s.
2, 7
List the prime factors of (-309*6/(-12))/((-6)/(-16)).
2, 103
Let c(m) = m - 11. Let y be c(14). Suppose -2*l + 460 = y*l. What are the prime factors of l?
2, 23
Suppose -2*b + 8*b - 12 = 0. Suppose b*v = 75 + 273. List the prime factors of v.
2, 3, 29
Let i = 8 - 2. Let m = -6 + i. Suppose p + m*p - 28 = 0. What are the prime factors of p?
2, 7
Suppose 4*j - 259 = -x + 157, 0 = 3*x + 2*j - 1218. What are the prime factors of x?
2, 101
Suppose 0 = -2*g - 3*s + 64 + 311, 4*g = -2*s + 730. Suppose -2*m = -6*m + g. List the prime factors of m.
3, 5
Let l = 164 + -107. Suppose -5*h = -2*p - 126, 0 = -3*h - 6*p + p + l. What are the prime factors of h?
2, 3
Let y(a) = a**2 - 10*a - 23. Let c be y(10). Let t(i) = 2*i**2 + 41*i - 9. List the prime factors of t(c).
2, 53
Suppose -2*d - 2 = -4*f - 0*f, 0 = -3*f + 15. Suppose 839 = d*a + 182. List the prime factors of a.
73
Suppose 0 = f + u - 3, -2*f + 2*u + 22 = 3*f. Let q(h) = 7*h**2 + 6*h - 2. What are the prime factors of q(f)?
2, 67
Let t = -20 - -27. Let b(a) = a - 2. Let m be b(t). Suppose -4*q + 259 = m*p, 70 = -0*q + q + 3*p. What are the prime factors of q?
61
Suppose -30 = -3*t - 5*v, t - 5*v + 1 = -3*v. Let w = 163 + -98. Suppose -t*m + w = -135. List the prime factors of m.
2, 5
Let q = -621 + 3021. List the prime factors of q.
2, 3, 5
Suppose -4*z + 146 = 5*x - 655, 0 = 2*z - 2*x - 396. What are the prime factors of z?
199
Suppose 0*c - 36 = 4*c. Let z(m) = 2*m**2 - 9*m + 7. Let o be z(5). What are the prime factors of (o/8)/(c/(-96))?
2
Let k = -345 + -9. Let u be (k/4)/((-3)/6). Suppose -13*v - u = -16*v. List the prime factors of v.
59
Suppose x - 1035 = -2*x. Let m = x - 223. What are the prime factors of m?
2, 61
List the prime factors of 708/(-10)*45/(-27).
2, 59
Let j = 4 + -2. What are the prime factors of 1*(-1 - j) - -65?
2, 31
Suppose -9*v + 40 = v. Suppose -v*b + 39 + 633 = 0. List the prime factors of b.
2, 3, 7
Let q = -381 - -227. Let g = q + 298. List the prime factors of g.
2, 3
Let l(d) = 3795*d. Let c(y) = 33*y. Let t(r) = -231*c(r) + 2*l(r). Let z b